 -2*n - 3, -3*n - s*l = -35 + z. What is the units digit of n?
1
Suppose 22*j - 17*j - 30 = 0. What is the units digit of j?
6
Suppose -98 = -3*j - 4*l + 177, 4*l + 283 = 3*j. What is the units digit of j?
3
Suppose -h = -2*h - 3. Let t(y) = -y**3 - 3*y**2 - 2*y - 1. Let s be t(h). Let g = 6 - s. What is the units digit of g?
1
Suppose -19 = 5*k + 11. Let f(l) = l**3 + 7*l**2 + 5*l - 2. What is the units digit of f(k)?
4
Suppose 2*q - 3 - 5 = 0. What is the units digit of q?
4
Let x = -3 + -3. Let d = x - -9. Suppose -d*v - 20 = -8*v. What is the units digit of v?
4
What is the units digit of 4/6 + 76/12?
7
Suppose -5*p + 2*r = 117, 0*r - 2*r = 3*p + 83. What is the tens digit of 2 - 6/3 - p?
2
Suppose 41 = 4*x - 103. What is the units digit of x?
6
Let l(o) = -o**2 + 4*o + 5. Let t be l(5). Suppose t*m + 2*m = -12. What is the units digit of 4/m + (-14)/(-3)?
4
Let k(i) = i**3 - 3*i**2 + i - 3. Let x be k(3). Let c be 3 + -2 + 1 + x. Suppose 0*y + 3*h + 5 = -y, -c*y + 5 = h. What is the units digit of y?
4
Suppose 7*p + 542 = 1760. What is the hundreds digit of p?
1
Let h = -5 + 5. Suppose h = -k - 4*k + 70. What is the units digit of k?
4
What is the units digit of (2 - -1)*(-102)/(-9)?
4
What is the tens digit of 158/(1/4 + (-4)/(-16))?
1
Suppose 0 = -6*j + 26 + 34. What is the units digit of j?
0
Let m = 1 - -2. Suppose 4 + 2 = 2*k, -4*o - m*k = -9. Suppose 0 = 2*l - 4*j - 56, o = -3*l - 0*l + 4*j + 76. What is the units digit of l?
0
Let k be 6 + (-1 - 3/(-1)). Let t = 10 + k. What is the tens digit of t?
1
Suppose -7*l = -5*l - 26. What is the tens digit of l?
1
Let x = 359 + -171. What is the hundreds digit of x?
1
Suppose 0 = b - 39 - 50. What is the units digit of b?
9
Let r be 1/(-2)*(23 - 1). Let z = -2 + r. Let o = z - -19. What is the units digit of o?
6
Suppose y + 2 = 37. What is the tens digit of y?
3
Let v(x) = 9*x + 13. What is the units digit of v(4)?
9
Let n(f) = 3*f**2 - 36*f - 2. What is the units digit of n(16)?
0
Let m(i) = -i**2 - 26*i - 33. What is the units digit of m(-23)?
6
Let b = 193 + -93. What is the units digit of b?
0
What is the units digit of -1 + 49 - 4/(-2 - 0)?
0
Let l(w) = w**3 + 1. Let v(i) = 7*i**3 - i**2 + i + 22. Let p(u) = -6*l(u) + v(u). Suppose s - 2*a - 6 = 0, -1 = 2*s + a + 2. What is the units digit of p(s)?
6
Suppose -2 = f + 2*l, 0*f - 3*f = 3*l - 3. Suppose -w - 35 = f*w. Let h = w - -24. What is the units digit of h?
7
Suppose 17 = -r - 11. Let i be (32/10)/(8/100). Let c = i + r. What is the tens digit of c?
1
Suppose -2*s - 128 = -2*c, -3*c + 5*s = s - 188. Suppose 0*t + 2*y = 2*t - 32, -y = -5*t + c. What is the units digit of t?
3
Suppose 7 = -0*x + x. Let c be ((x + 0)*2)/(-2). Let r = c - -13. What is the units digit of r?
6
Suppose 4*l = 57 - 217. What is the units digit of (-48)/l*10/4?
3
Suppose 0 = 11*w - 10*w - 42. What is the units digit of w?
2
Let m be (25/10)/(1/2). Suppose -2*c - m = -17. Let y = 11 + c. What is the tens digit of y?
1
Suppose -4*z - z - 4*n = 11, -11 = z + 3*n. What is the tens digit of (z - (-15)/(-4))*-4?
1
Let m be (-13)/(-26) - 14/(-4). Suppose 10 = m*v - 58. What is the tens digit of v?
1
Suppose 0*m + 2*m = -6. What is the units digit of 2 - 15/m - -1?
8
Let u(q) = q**3 - 5*q**2 + q - 3. Let n be u(5). Let y = n + 0. Suppose 1 = -y*r + 3. What is the units digit of r?
1
What is the units digit of (-4)/8*0/1 + 214?
4
Let u = -6 + 6. Suppose 4*o = 12, u = -w - w + 3*o + 3. What is the units digit of w?
6
Let x(k) = k + 3. Let v(m) = -m**2 - 4*m + 3. Let n be v(-5). What is the units digit of x(n)?
1
Let h(l) = l**3 - 6*l**2 + 5*l + 1. Let z be h(5). Let a = 2 + z. Suppose a*t = -t + 28. What is the units digit of t?
7
Let v(a) = -a**2 + 7*a + 3. Let m = 20 + -14. Let r be v(m). Let b = 18 - r. What is the units digit of b?
9
Suppose -6*d + 530 = -d. What is the units digit of d?
6
Let o(t) = 2*t**3 + 22*t**2 + 9*t - 15. What is the tens digit of o(-10)?
9
Let c be -3 - (-3 + (-5 - -2)). Suppose -6*q - c*x + 61 = -q, 3*x = -9. What is the tens digit of q?
1
Let a(z) = 62*z**2 - z + 2. What is the units digit of a(1)?
3
Suppose -57 + 2 = -5*t. What is the tens digit of t?
1
Suppose 5*w - 6 + 11 = 0. What is the units digit of ((-25)/(-4) - w)*4?
9
What is the units digit of (6/(-9))/((-10)/765)?
1
Let g = 161 + -103. What is the tens digit of g?
5
Let m = 6 + -6. What is the units digit of 5 - (m + 6/(-2))?
8
Let s = 175 - 101. What is the tens digit of s?
7
Suppose -28*b + 30*b - 60 = 0. What is the tens digit of b?
3
Let b be (-6)/9*(-2 - 1). Suppose b*q - 61 = -25. What is the units digit of q?
8
Let m be -2 - (2 + (-4 - 1)). What is the units digit of (-14)/4*m*-4?
4
Suppose -3*u - 4 = 3*b + 2, -8 = 2*b - 2*u. Let p be -2 - ((-8)/2 - -3). What is the units digit of 1 - 2/(b - p)?
2
Let p = 20 - 49. Let d = p + 47. What is the units digit of d?
8
Let b(n) = -2*n - 10. Let q be b(-7). Let s = 21 + -15. Suppose -q*g - s = -5*g. What is the units digit of g?
6
Suppose -g + d + 8 = 0, 2*g - d = 4*d + 31. Suppose 2*z - 24 = -5*j, 0 = -z - g*j + j + 12. What is the units digit of z?
2
Suppose -15 = -4*w - 3. Let t = 2 + w. What is the units digit of ((-6)/5)/((-1)/t)?
6
Let n(i) be the first derivative of 1 + i + 7/2*i**2. What is the units digit of n(1)?
8
Let f(m) = m + 5. What is the units digit of f(4)?
9
Let z be 143/3 - 2/3. Let v be (6 + 0)/(3 + 35/(-11)). Let r = v + z. What is the units digit of r?
4
Suppose 4*o + 22 = r, 5*r - o = -0*o + 53. Let d = r + -6. What is the units digit of d?
4
Suppose 3*k + 0 = 18. What is the units digit of k?
6
Let u = -134 - -160. What is the tens digit of u?
2
What is the units digit of 555/25 - (-1)/(-5)?
2
Let b = 124 - 89. What is the tens digit of b?
3
Let n = 21 + -19. Let r = n - -9. What is the units digit of r?
1
Let x be (-435)/21 - 8/28. Let h = 8 - x. What is the tens digit of h?
2
Let d be 32/3 + 2/(-3). Let h = -4 + d. What is the units digit of h?
6
Suppose 28 + 1 = 2*a + 5*w, -15 = 5*a - 5*w. Let t = a + 5. What is the units digit of t?
7
Let m = 931 - 616. What is the tens digit of m?
1
Let z = 238 + -142. What is the tens digit of z?
9
Suppose -3*f - 1 = -4*f. Let z = f - 5. What is the units digit of z/(-14) - (-660)/42?
6
Suppose 5*g - 20 + 5 = 0. Let w = g + -2. What is the units digit of w?
1
Suppose q = 5*p + 85, -8 = 2*q + 5*p - 223. What is the tens digit of q?
0
Let y = 456 + -311. What is the tens digit of y?
4
Let t(v) = 5*v**2 + v - 1. Let l be t(-2). Suppose -5*h - l = 8. Let i = 2 - h. What is the units digit of i?
7
Let j(f) = f**3 - 8*f**2 + 7*f + 3. Let p be ((-7 - 0)*-2)/2. What is the units digit of j(p)?
3
Suppose 17 = -5*g - 3*p + 162, -g = -p - 21. What is the tens digit of g?
2
Suppose 10 - 94 = -3*a. What is the units digit of a?
8
Suppose 2*r + r - 243 = 0. What is the tens digit of r?
8
Let n(a) = 5*a**2 - 7*a + 16. Let h(p) = -4*p**2 + 7*p - 15. Let t(y) = -6*h(y) - 5*n(y). What is the units digit of t(-7)?
0
What is the units digit of ((-23)/(-2))/((-1)/(-2))?
3
Let f = -50 + 36. Suppose 0 = 2*i - 10 - 32. Let t = i + f. What is the units digit of t?
7
Let z(h) = -h**3 - 5*h**2 - 3*h - 6. Let j be z(-7). Let n = -158 + j. What is the units digit of -12*6/n*5?
8
Suppose -4*g - 16 = 4*u, 2*u + g = 5*u + 24. Let s be (-58)/u - 6/21. Suppose 3*y - 2*n = -0*y + s, 20 = 4*y + 2*n. What is the units digit of y?
4
Let k be 3/(-3) + 1*4. Suppose 29 - 5 = -k*m. What is the units digit of (-3)/12 - 34/m?
4
Suppose 2*a = -3*q + 688, 0 = 5*q + 6*a - 4*a - 1152. What is the hundreds digit of q?
2
Suppose -2*o - 144 = -3*h + 284, -o = -3*h + 424. What is the tens digit of h?
4
Let u = 6 + -5. Let r be u*1*(-2)/2. Let k(d) = 9*d**2 - d. What is the units digit of k(r)?
0
Suppose -91 = 12*b - 13*b. What is the tens digit of b?
9
Suppose -3*l = j + 4*j - 47, 5*l = -3*j + 57. Let t = 3 + l. What is the tens digit of t?
1
Suppose -2*p - 4*b = -255 + 11, -4*b = -5*p + 568. Suppose -3*g + g + 10 = 0. Suppose -31 = g*q - p. What is the tens digit of q?
1
Suppose 5*z - 147 - 28 = 0. What is the units digit of z?
5
Suppose -213 = -2*s - 3*m, -4*s - m + 3*m + 466 = 0. What is the tens digit of s?
1
Let y(w) = -4*w + 11. Let l(h) = -2*h + 6. Let x(j) = -11*l(j) + 6*y(j). What is the tens digit 